{"id":70,"date":"2024-12-29T13:24:59","date_gmt":"2024-12-29T12:24:59","guid":{"rendered":"https:\/\/vbmassageequin.fr\/?page_id=70"},"modified":"2024-12-29T13:39:53","modified_gmt":"2024-12-29T12:39:53","slug":"laccompagner","status":"publish","type":"page","link":"https:\/\/vbmassageequin.fr\/index.php\/laccompagner\/","title":{"rendered":"L&rsquo;accompagner"},"content":{"rendered":"<div class=\"wp-block-image\">\n<figure class=\"aligncenter size-large\"><img fetchpriority=\"high\" decoding=\"async\" width=\"768\" height=\"1024\" src=\"https:\/\/vbmassageequin.fr\/wp-content\/uploads\/2024\/12\/IMG_E71CF454A054-1-768x1024.jpeg\" alt=\"\" class=\"wp-image-79\" srcset=\"https:\/\/vbmassageequin.fr\/wp-content\/uploads\/2024\/12\/IMG_E71CF454A054-1-768x1024.jpeg 768w, https:\/\/vbmassageequin.fr\/wp-content\/uploads\/2024\/12\/IMG_E71CF454A054-1-225x300.jpeg 225w, https:\/\/vbmassageequin.fr\/wp-content\/uploads\/2024\/12\/IMG_E71CF454A054-1-1152x1536.jpeg 1152w, https:\/\/vbmassageequin.fr\/wp-content\/uploads\/2024\/12\/IMG_E71CF454A054-1.jpeg 1368w\" sizes=\"(max-width: 768px) 100vw, 768px\" \/><\/figure>\n<\/div>\n\n<style>.kb-row-layout-wrap.wp-block-kadence-rowlayout.kb-row-layout-id70_86c651-fa{margin-top:-15px;}.kb-row-layout-id70_86c651-fa > .kt-row-column-wrap{align-content:center;}:where(.kb-row-layout-id70_86c651-fa > .kt-row-column-wrap) > .wp-block-kadence-column{justify-content:center;}.kb-row-layout-id70_86c651-fa > .kt-row-column-wrap{column-gap:var(--global-kb-gap-lg, 4rem);row-gap:var(--global-kb-gap-md, 2rem);max-width:1140px;padding-top:var(--global-kb-spacing-4xl, 8rem);padding-bottom:var(--global-kb-spacing-4xl, 8rem);grid-template-columns:minmax(0, 1fr);}.kb-row-layout-id70_86c651-fa{background-color:rgba(202,181,136,0.54);}.kb-row-layout-id70_86c651-fa > .kt-row-layout-overlay{opacity:0.30;}.kb-row-layout-id70_86c651-fa ,.kb-row-layout-id70_86c651-fa h1,.kb-row-layout-id70_86c651-fa h2,.kb-row-layout-id70_86c651-fa h3,.kb-row-layout-id70_86c651-fa h4,.kb-row-layout-id70_86c651-fa h5,.kb-row-layout-id70_86c651-fa h6{color:var(--global-palette3, #1A202C);}.kb-row-layout-id70_86c651-fa a{color:var(--global-palette1, #3182CE);}.kb-row-layout-id70_86c651-fa a:hover{color:var(--global-palette2, #2B6CB0);}@media all and (max-width: 1024px){.kb-row-layout-id70_86c651-fa > .kt-row-column-wrap{padding-top:var(--global-kb-spacing-4xl, 8rem);grid-template-columns:minmax(0, 1fr);}}@media all and (max-width: 767px){.kb-row-layout-id70_86c651-fa > .kt-row-column-wrap{padding-top:var(--global-kb-spacing-3xl, 6.5rem);padding-bottom:var(--global-kb-spacing-lg, 3rem);grid-template-columns:minmax(0, 1fr);}}<\/style><div class=\"kb-row-layout-wrap kb-row-layout-id70_86c651-fa alignfull kt-row-has-bg wp-block-kadence-rowlayout\"><div class=\"kt-row-column-wrap kt-has-1-columns kt-row-layout-equal kt-tab-layout-inherit kt-mobile-layout-row kt-row-valign-middle kb-theme-content-width\">\n<style>.kadence-column70_3e06b4-ae > .kt-inside-inner-col{display:flex;}.kadence-column70_3e06b4-ae > .kt-inside-inner-col{padding-right:var(--global-kb-spacing-lg, 3rem);}.kadence-column70_3e06b4-ae > .kt-inside-inner-col,.kadence-column70_3e06b4-ae > .kt-inside-inner-col:before{border-top-left-radius:0px;border-top-right-radius:0px;border-bottom-right-radius:0px;border-bottom-left-radius:0px;}.kadence-column70_3e06b4-ae > .kt-inside-inner-col{column-gap:var(--global-kb-gap-sm, 1rem);}.kadence-column70_3e06b4-ae > .kt-inside-inner-col{flex-direction:column;justify-content:center;}.kadence-column70_3e06b4-ae > .kt-inside-inner-col > .aligncenter{width:100%;}.kt-row-column-wrap > .kadence-column70_3e06b4-ae{align-self:center;}.kt-inner-column-height-full:not(.kt-has-1-columns) > .wp-block-kadence-column.kadence-column70_3e06b4-ae{align-self:auto;}.kt-inner-column-height-full:not(.kt-has-1-columns) > .wp-block-kadence-column.kadence-column70_3e06b4-ae > .kt-inside-inner-col{flex-direction:column;justify-content:center;}.kadence-column70_3e06b4-ae > .kt-inside-inner-col:before{opacity:0.3;}.kadence-column70_3e06b4-ae{text-align:center;}.kadence-column70_3e06b4-ae{position:relative;}@media all and (max-width: 1024px){.kt-row-column-wrap > .kadence-column70_3e06b4-ae{align-self:center;}}@media all and (max-width: 1024px){.kt-inner-column-height-full:not(.kt-has-1-columns) > .wp-block-kadence-column.kadence-column70_3e06b4-ae{align-self:auto;}}@media all and (max-width: 1024px){.kt-inner-column-height-full:not(.kt-has-1-columns) > .wp-block-kadence-column.kadence-column70_3e06b4-ae > .kt-inside-inner-col{flex-direction:column;justify-content:center;}}@media all and (max-width: 1024px){.kadence-column70_3e06b4-ae > .kt-inside-inner-col{flex-direction:column;justify-content:center;}}@media all and (max-width: 767px){.kt-row-column-wrap > .kadence-column70_3e06b4-ae{align-self:center;}.kt-inner-column-height-full:not(.kt-has-1-columns) > .wp-block-kadence-column.kadence-column70_3e06b4-ae{align-self:auto;}.kt-inner-column-height-full:not(.kt-has-1-columns) > .wp-block-kadence-column.kadence-column70_3e06b4-ae > .kt-inside-inner-col{flex-direction:column;justify-content:center;}.kadence-column70_3e06b4-ae > .kt-inside-inner-col{flex-direction:column;justify-content:center;}}<\/style>\n<div class=\"wp-block-kadence-column kadence-column70_3e06b4-ae\"><div class=\"kt-inside-inner-col\"><style>.wp-block-kadence-advancedheading.kt-adv-heading70_a944bc-41, .wp-block-kadence-advancedheading.kt-adv-heading70_a944bc-41[data-kb-block=\"kb-adv-heading70_a944bc-41\"]{text-align:center;font-size:58px;line-height:1em;font-style:normal;color:#7ca7c5;}.wp-block-kadence-advancedheading.kt-adv-heading70_a944bc-41 mark.kt-highlight, .wp-block-kadence-advancedheading.kt-adv-heading70_a944bc-41[data-kb-block=\"kb-adv-heading70_a944bc-41\"] mark.kt-highlight{font-style:normal;color:#f76a0c;-webkit-box-decoration-break:clone;box-decoration-break:clone;padding-top:0px;padding-right:0px;padding-bottom:0px;padding-left:0px;}.wp-block-kadence-advancedheading.kt-adv-heading70_a944bc-41 img.kb-inline-image, .wp-block-kadence-advancedheading.kt-adv-heading70_a944bc-41[data-kb-block=\"kb-adv-heading70_a944bc-41\"] img.kb-inline-image{width:150px;vertical-align:baseline;}<\/style>\n<h2 class=\"kt-adv-heading70_a944bc-41 wp-block-kadence-advancedheading\" data-kb-block=\"kb-adv-heading70_a944bc-41\">D\u00e9couvrez mes prestations<\/h2>\n\n\n<style>.wp-block-kadence-advancedheading.kt-adv-heading70_a5e215-96, .wp-block-kadence-advancedheading.kt-adv-heading70_a5e215-96[data-kb-block=\"kb-adv-heading70_a5e215-96\"]{text-align:center;font-size:20px;line-height:1.2em;font-style:normal;}.wp-block-kadence-advancedheading.kt-adv-heading70_a5e215-96 mark.kt-highlight, .wp-block-kadence-advancedheading.kt-adv-heading70_a5e215-96[data-kb-block=\"kb-adv-heading70_a5e215-96\"] mark.kt-highlight{font-style:normal;color:#f76a0c;-webkit-box-decoration-break:clone;box-decoration-break:clone;padding-top:0px;padding-right:0px;padding-bottom:0px;padding-left:0px;}.wp-block-kadence-advancedheading.kt-adv-heading70_a5e215-96 img.kb-inline-image, .wp-block-kadence-advancedheading.kt-adv-heading70_a5e215-96[data-kb-block=\"kb-adv-heading70_a5e215-96\"] img.kb-inline-image{width:150px;vertical-align:baseline;}<\/style>\n<h2 class=\"kt-adv-heading70_a5e215-96 wp-block-kadence-advancedheading\" data-kb-block=\"kb-adv-heading70_a5e215-96\"><strong>Chaque animal \u00e9tant diff\u00e9rent, nous adapterons la s\u00e9ance en fonction de ses besoins et il b\u00e9n\u00e9ficiera d\u2019une prise en charge personnalis\u00e9e.<\/strong><br>\u200b<br>Ecoute, observation et toucher seront les points de d\u00e9part de la s\u00e9ance. \u200b<br>&nbsp;<br><strong>L&rsquo;objectif est d&rsquo;avoir un cheval ou un chien aussi bien dans sa t\u00eate que dans son corps.<\/strong><br>\u200b<br>Vous constaterez au fur et \u00e0 mesure des s\u00e9ances que votre compagnon deviendra demandeur et indiquera lui-m\u00eame o\u00f9 il a besoin que j&rsquo;intervienne.<br>\u200b<br><strong>Poulain, cheval de loisirs ou de comp\u00e9tition, cheval \u00e0 la retraite, chiot, chien sportif ou ag\u00e9, chaque \u00eatre vivant m\u00e9rite que l&rsquo;on s&rsquo;occupe de lui.\u200b<\/strong><\/h2>\n<\/div><\/div>\n\n<\/div><\/div>","protected":false},"excerpt":{"rendered":"<p>D\u00e9couvrez mes prestations Chaque animal \u00e9tant diff\u00e9rent, nous adapterons la s\u00e9ance en fonction de ses besoins et il b\u00e9n\u00e9ficiera d\u2019une prise en charge personnalis\u00e9e.\u200bEcoute, observation et toucher seront les points de d\u00e9part de la s\u00e9ance. \u200b&nbsp;L&rsquo;objectif est d&rsquo;avoir un cheval &hellip; <a href=\"https:\/\/vbmassageequin.fr\/index.php\/laccompagner\/\">Lire la suite\u00ad\u00ad<\/a><\/p>\n","protected":false},"author":1,"featured_media":0,"parent":0,"menu_order":0,"comment_status":"closed","ping_status":"closed","template":"","meta":{"kt_blocks_editor_width":"","footnotes":""},"class_list":["post-70","page","type-page","status-publish","hentry"],"_links":{"self":[{"href":"https:\/\/vbmassageequin.fr\/index.php\/wp-json\/wp\/v2\/pages\/70","targetHints":{"allow":["GET"]}}],"collection":[{"href":"https:\/\/vbmassageequin.fr\/index.php\/wp-json\/wp\/v2\/pages"}],"about":[{"href":"https:\/\/vbmassageequin.fr\/index.php\/wp-json\/wp\/v2\/types\/page"}],"author":[{"embeddable":true,"href":"https:\/\/vbmassageequin.fr\/index.php\/wp-json\/wp\/v2\/users\/1"}],"replies":[{"embeddable":true,"href":"https:\/\/vbmassageequin.fr\/index.php\/wp-json\/wp\/v2\/comments?post=70"}],"version-history":[{"count":16,"href":"https:\/\/vbmassageequin.fr\/index.php\/wp-json\/wp\/v2\/pages\/70\/revisions"}],"predecessor-version":[{"id":91,"href":"https:\/\/vbmassageequin.fr\/index.php\/wp-json\/wp\/v2\/pages\/70\/revisions\/91"}],"wp:attachment":[{"href":"https:\/\/vbmassageequin.fr\/index.php\/wp-json\/wp\/v2\/media?parent=70"}],"curies":[{"name":"wp","href":"https:\/\/api.w.org\/{rel}","templated":true}]}}